 derivative of 0 - z*r**4 - 5*r + 7/6*r**3 - 7/2*r**2. Determine g(6).
-1
Let l(y) be the third derivative of -y**5/12 + y**4/24 - y**3/6 - 2*y**2. Suppose 21 = -5*k - 14. Let n be (-3)/(-1) + k + 5. Calculate l(n).
-5
Let h be (-2*5)/(7/7). Let j = h - -11. Let b(p) be the first derivative of -p**4/4 - p**3/3 - p**2/2 + p - 32. Determine b(j).
-2
Let i(r) be the third derivative of -r**6/120 + 7*r**5/60 + r**4/3 - 4*r**3/3 + 22*r**2 - 1. Determine i(8).
-8
Let h be 52/(-12) + 1/3. Let c(d) be the first derivative of d**3/3 + 2*d**2 - 2*d + 69. What is c(h)?
-2
Let p(r) = -r**3 - 5*r**2 - 3*r. Let k = 23 + -27. Let t = -10 - k. Let y be (-9 - t)/((-6)/(-8)). Give p(y).
-4
Let p = -183 - -177. Let x be (-13)/3 - 1/(-3). Let f(b) = -4*b. Let u(y) = 5*y. Let h(w) = x*f(w) - 3*u(w). Give h(p).
-6
Let k(b) = -b**2 + 8*b + 60. Let t be k(13). Let j(v) = -6*v - 6. Calculate j(t).
24
Suppose b = -5*d + 14, 0*d - 10 = -2*d. Let g(x) = -x**3 - 12*x**2 - 10*x + 9. Determine g(b).
-2
Let r = -1555 + 1565. Let c(v) = -v + 2. Calculate c(r).
-8
Let z(w) = 3*w. Let l(g) = 4*g + 1. Let i(h) = -4*l(h) + 5*z(h). Give i(-5).
1
Let p(k) be the third derivative of -k**6/120 - k**5/6 - 7*k**4/24 + 5*k**3/3 + 19*k**2. What is p(-9)?
-8
Let m(c) = -c**2 - 2*c - 1. Suppose -2*o + 14 = 2*s, 0 = -4*s + 8*s. Let y be o/(1 - 2) - -2. Let q be (-2)/y - (-68)/(-20). Calculate m(q).
-4
Let c(f) be the third derivative of -f**4/6 - 7*f**3/6 + 13*f**2. Determine c(5).
-27
Let k(p) = -2*p - 16. Let b be k(-8). Suppose -n = j + 3, -3*j + b*j - 8 = 4*n. Let h(t) = t**2 + 2*t - 1. Determine h(n).
2
Suppose 32 - 8 = -4*s. Let o(i) = 2*i. Calculate o(s).
-12
Let q(b) = -2*b - 4. Let h(t) = t**3 + 6*t**2 + 8*t + 2. Let k be h(-3). Suppose 2*x + 4*i = -0 - 10, -x = -k*i - 2. What is q(x)?
2
Let o(k) = 3*k**2 - 1. Let m(n) = -n**2 + 7*n - 6. Let b be m(6). Suppose q - 1 = a, 5*q - 25 = -9*a + 4*a. Suppose -a*u - u + 3 = b. Give o(u).
2
Let j(g) be the second derivative of g**3/6 + g**2/2 - g. Let y be (1/(-2))/(510/(-72) + 7). Calculate j(y).
7
Let z(s) = -s**2 - 6*s - 2. Let p = -87 + 63. Let u be 2/(-16)*-2 - (-126)/p. Calculate z(u).
3
Let g(m) = -4*m**2 + 10*m - 24. Let y(h) = -3*h**2 + 11*h - 16. Let f(l) = -4*g(l) + 5*y(l). Determine f(-13).
-10
Let v(o) = o**3 - 16*o**2 - 3*o + 53. Let t be v(16). Let f(h) = h**3 - 6*h**2 + 4*h - 2. Calculate f(t).
-7
Suppose -x + 6 = x, -3*z + 21 = 5*x. Suppose -2*d + 9 = l, -d + z*d = l. Let o(w) = w**2 - 5*w + 3. Let k be o(l). Let j(a) = -a**2 - a. Give j(k).
-6
Let q(r) be the second derivative of -r**7/840 + r**6/120 + r**5/30 + 7*r**4/24 + 2*r**3/3 + 30*r. Let g(l) be the second derivative of q(l). Give g(5).
-23
Let t(v) be the first derivative of v**6/120 + v**5/30 - v**4/6 - 7*v**2/2 - 10. Let d(y) be the second derivative of t(y). Give d(-3).
3
Let h(w) = -2*w**2 + 6*w + 5. Let x = 220 - 215. Determine h(x).
-15
Suppose 0 = 41*c - 43*c + 4. Let r(u) = -5*u + c*u + 11 + u - 5. Determine r(5).
-4
Let b(d) be the third derivative of -d**6/120 + d**5/15 + d**4/8 - d**3 + 6*d**2. Suppose -6*n + 35 = -n. Let u = n - 3. Determine b(u).
6
Let y = -236 + 233. Let l(p) = 4 + 3*p + 4*p**2 - 2*p**2 + 2*p**2 + p**3. Give l(y).
4
Let f(b) = -b - 2. Let g(o) be the second derivative of o**3/6 - o**2 + 3*o. Let x be g(6). Suppose t + 2 = -x. Calculate f(t).
4
Let s(u) = -u**2 + 3*u + 2. Let y be ((-6 - -2)/(-4))/((-2)/(-6)). Suppose w + y = 2*g - 5, 0 = -w - 2. Calculate s(g).
2
Let g(o) be the third derivative of o**4/24 - 4*o**3 + 6*o**2. Let k be g(17). Let b(v) = -v - 5. Determine b(k).
2
Let q(a) = a - 4. Let j be (72/(-30))/(3*(-2)/(-15)). Determine q(j).
-10
Let u(s) be the first derivative of -s**3/3 - 2*s**2 + 7*s + 1. Let x be (-2)/(-8) + (-66)/8. Let o be x/20 + (-46)/10. Determine u(o).
2
Let y(c) be the first derivative of -c**6/60 - c**5/20 - c**4/8 - 14*c**2 - 24. Let k(o) be the second derivative of y(o). Determine k(-2).
10
Let k be (9 + -7)/((-4)/(-14)) - -3. Let m = k + -13. Let p(t) = 2*t**3 + 5*t**2 + 5*t + 3. Determine p(m).
-21
Let g(z) be the second derivative of 1/6*z**3 + 0*z**2 - 15*z + 0. Determine g(8).
8
Let a be 38/(-14) + (-6)/21. Let i(n) be the second derivative of n**5/20 + n**4/12 - 2*n**3/3 + 154*n. Determine i(a).
-6
Let i(d) be the first derivative of -d**3/3 - 7*d**2/2 - 2*d + 113. Give i(-8).
-10
Let n = 2 - 2. Suppose -3*r = 2*i - 1, n = 4*r - 7*r + 5*i + 8. Let s(l) be the first derivative of 3*l**3 + l**2/2 - 686. Determine s(r).
10
Let c(o) = o**2 + 4*o + 1. Let i be c(-3). Let x be i*(-1*2 + 0). Let v(a) = 19 + 0*a + 19 + 20 - a**2 - 64 + 4*a. Give v(x).
-6
Suppose 0 = -9*p - 3*p - 96. Let x be (4/p)/(2/4). Let y(z) = 4*z**2 + z + 1. What is y(x)?
4
Let i(v) = -v**2 + 4*v + 65. Let r be i(-6). Let q(l) be the first derivative of l**3/3 - 3*l**2/2 - 6*l + 1. Determine q(r).
4
Let x(m) = -m**3 - 6*m**2 - 4*m + 3. Let f = -46 + 48. Let l be (1 + -2)*-2*(-5)/f. Calculate x(l).
-2
Suppose 3 - 26 = -3*g + f, -g + 3*f = -13. Let o(h) = -2*h + 1. What is o(g)?
-13
Let k be 28/(-4)*(7 + -4)/(-3). Let f(h) = -h**2 + 11*h - 15. Calculate f(k).
13
Let q(m) = 408 + m**2 + m**2 + 6*m - 412. Let t be 4/(-6) - 13/3. Give q(t).
16
Let c(u) = 9*u + 3*u**2 - 5*u**2 - 11 + u**2 + 0 - 3. Give c(6).
4
Let g(p) = p**3 + 7*p**2 - 6*p. Let w(a) be the first derivative of -a**4/4 - 8*a**3/3 + 7*a**2/2 - a + 19. Let z(h) = 4*g(h) + 3*w(h). Calculate z(-2).
11
Let y(g) = -g**2 + 7*g + 1. Let r be y(10). Let l = -41 - r. Let w be (-2 - 32/l)*3. Let h(s) = s**2 - 4*s + 2. Calculate h(w).
-2
Let u = 25 - 18. Let l(j) = 8*j - 3*j - 6 - u*j + 3 + j**3 - j**2. Let z(a) = a**2 + 17*a - 40. Let w be z(-19). Determine l(w).
-11
Let j(r) = 5*r - r**2 - 5*r + 5 + 1. Suppose 2*q = q - 3. Let v be q/(-5) + (-21)/35. Calculate j(v).
6
Let w(j) = 13*j. Let l(c) = 24*c + 1. Let f(y) = 6*l(y) - 11*w(y). Calculate f(-5).
1
Let a(q) = 6*q**3 - 2*q**2 - 2*q - 1. Suppose 0 = -5*m + 4*r - 18, r - 21 = 5*m - 9. Let j = 82 - 87. Let g be m*(3 + -5) + j. Determine a(g).
-7
Let o(a) = -4 - 6*a + 6 - 5. Calculate o(3).
-21
Let z = 6 + 9. Let t(c) = 14*c - z*c + 12 - c. Give t(8).
-4
Let s(y) = -2*y**2 - y**3 - 2*y - y + 7*y. Let h be (6/4)/((-4 + 2)/4). Determine s(h).
-3
Let j be 4/(-6)*(-3)/2. Let o be (j - -2) + 5 + -2. Let b(v) = -5*v**2 + 5*v - 9. Let i(k) = -9*k**2 + 10*k - 17. Let p(r) = 7*b(r) - 4*i(r). Determine p(o).
11
Let l(h) = -2*h - h**2 - 3*h**2 - 77 + 79 - h. Give l(2).
-20
Let c = -7405 + 7413. Let n(q) be the third derivative of -q**5/60 + 5*q**4/12 - 11*q**3/6 + q**2. Calculate n(c).
5
Let p(d) = d + 2. Let m be p(10). Let q = -7 - -10. Suppose -6 = q*b + m. Let c(n) = -n**3 - 5*n**2 + 6*n + 5. Give c(b).
5
Let s be -4 - (-5 + (-4)/8*0). Let h(t) = -5*t**3 - 2*t + 1. Give h(s).
-6
Let f(w) = -w**3 - w - 1. Let h(n) = -4*n**3 - 8*n**2 - 9*n - 4. Let a(g) = g**3 - 3*g**2 - 2*g - 9. Let v be a(4). Let t(p) = v*h(p) + 3*f(p). Calculate t(-7).
8
Let w = 722 - 422. Let j(h) = 3 + 293*h + w*h + h**2 - 587*h. What is j(-6)?
3
Suppose 60 + 66 = 9*z. Suppose -z*h + 9*h = -20. Let c(m) = m**3 - 2*m**2 - 7*m + 6. Give c(h).
10
Suppose -3*l - o + 26 = 4*o, 0 = 2*o - 8. Let i(d) = d**3 + 2 - 1 + l - 2*d**2 - 4*d. Suppose 4*y - 35 = -3*g, -3*y = -4*y + 3*g - 25. Give i(y).
-5
Let c be 14 - 17 - (-3 - 0). Suppose c = -29*h + 26*h. Suppose -3*f + 23 - 2 = h. Let q(w) = -2*w + 5. Determine q(f).
-9
Let h(k) be the second derivative of k**4/12 - 5*k**3/6 - 2*k**2 + 413*k. Let o be ((-6)/(-8))/(3/(-12)). Calculate h(o).
20
Let m(z) be the second derivative of 0 + 22*z - 1/20*z**5 + 1/2*z**2 - 1/4*z**4 + 1/2*z**3. Determine m(-3).
-8
Let t(a) be the second derivative of -a**4/6 - 10*a**3/3 - 2*a**2 - a - 191. Give t(-9).
14
Let s(w) = -6 - 5 - w**2 + 2 + 25. What is s(-5)?
-9
Let o(n) be the second derivative of -5/6*n**3 - 3/2*n**2 + 3*n + 1/4*n**4 + 0 + 1/10*n**5. Suppose -17 = 3*v + 4*x, v - 2*x + 4 = 5. What is o(v)?
-15
Let t(q) = -q**2 + 14*q - 10. Let b(w) = -7*w + 264. Let z be b(37). Determine t(z).
35
Let g(l) = -l**3 + 14*l**2 - 12*l - 17. Suppose -3*k = -4*c + 43, k + 3 = 3*c - 33. Give g(c).
-4
Let y(b) = -19*b - 55. Let n(g) = 11*g + 27. Let a(k) = -5*n(k) - 3*y(k). Give a(-13).
4
Let h(g) = 15 + g**2 + 3*g - g**3 - 29 - g**2 + 19 - 4*g**2. 